 6376*j + 13801. What is z(-50)?
1
Let v(t) = 282*t + 13261. Determine v(-39).
2263
Let z(u) = u**2 + 230*u - 29932. Calculate z(-323).
107
Let k(i) = -1052*i - 33309. Determine k(-31).
-697
Let l(g) = 27279*g - 927454. Determine l(34).
32
Let v(m) = 69891*m + 489235. Determine v(-7).
-2
Let u(l) = -52*l + 1244. Determine u(21).
152
Let q(b) = -10219*b - 2851093. Calculate q(-279).
8
Let h(a) = -a**2 - 487*a - 48792. Calculate h(-141).
-6
Let t(k) = k**3 - 29*k**2 - 5203*k - 278. Give t(-59).
371
Let j(q) = 1322*q - 117563. Calculate j(89).
95
Let g(m) = -2*m**3 + 11*m**2 - 15*m + 95. What is g(5)?
45
Let c(n) = -104*n**2 - 295*n + 298. Give c(1).
-101
Let t(g) = -534*g - 176765. Give t(-331).
-11
Let d(p) = 247*p - 2494. Calculate d(10).
-24
Let f(i) = -11686*i + 479219. Calculate f(41).
93
Let b(g) = 29340*g + 1056239. Determine b(-36).
-1
Let v(k) = k**2 - 47*k - 956. Give v(43).
-1128
Let r(j) = 2*j**2 + 56363*j + 281762. What is r(-5)?
-3
Let r(k) = -29337*k + 968107. What is r(33)?
-14
Let p(z) = -3*z**3 - 30*z**2 + 235*z + 2182. Calculate p(-9).
-176
Let v(b) = b**3 + 1017*b**2 - 21859*b - 63317. What is v(-1038)?
1
Let q(v) = -3*v**2 + 2117*v - 64693. What is q(32)?
-21
Let t(u) = 16223*u - 32428. Determine t(2).
18
Let u(a) = a**3 + 9*a**2 - 130*a + 35. What is u(-17)?
-67
Let c(u) = 1058*u - 540676. Calculate c(511).
-38
Let s(v) = 2*v**2 - 968*v + 55891. What is s(417)?
13
Let l(z) = 3666*z + 109976. Determine l(-30).
-4
Let i(p) = p**3 + 63*p**2 + 432*p - 244. What is i(-55)?
196
Let v(o) = 182*o + 26283. Determine v(-148).
-653
Let p(y) = -y**3 + 2*y**2 + 920*y - 6955. What is p(8)?
21
Let z(r) = -2*r**3 + 21*r**2 + 4*r + 250. Calculate z(12).
-134
Let k(v) = -12*v**3 - 1957*v**2 - 168*v - 813. Give k(-163).
2
Let p(i) = 14*i**2 - 5924*i + 305654. Determine p(363).
8
Let v(f) = -7*f**3 - 1695*f**2 - 252*f - 2402. Give v(-242).
18
Let x(w) = -w**3 + 36*w**2 + 760*w - 28129. What is x(34)?
23
Let b(a) = 2*a**2 + 794449*a - 2. Determine b(0).
-2
Let k(m) = -124301*m + 25108812. Calculate k(202).
10
Let w(g) = 22922*g - 45835. Determine w(2).
9
Let x(g) = 2*g**3 - 170*g**2 - 1206*g + 31164. What is x(11)?
-10
Let m(c) = -746*c - 2296. What is m(-3)?
-58
Let f(b) = -62175*b - 62182. Determine f(-1).
-7
Let z(x) = -127*x - 9709. Determine z(-73).
-438
Let l(s) = 2374*s - 13828. Determine l(6).
416
Let s(v) = -7576*v - 98502. Give s(-13).
-14
Let z(u) = -112*u**2 + 15995*u + 3111. Give z(143).
108
Let w(n) = 20*n**2 + 395*n - 1494. Determine w(-23).
1
Let l(r) = -728*r**2 - 1276916*r - 7031. Give l(-1754).
-15
Let j(g) = -g**3 + 27*g**2 - 275*g + 1347. Calculate j(14).
45
Let a(p) = 37637*p - 451513. Determine a(12).
131
Let b(o) = -31*o - 1462. Give b(-73).
801
Let u(t) = -t**3 + 7*t**2 - 2074*t + 14477. Give u(7).
-41
Let m(g) = -117780*g - 1060009. What is m(-9)?
11
Let x(k) = -969*k + 55802. Determine x(57).
569
Let p(m) = -3579*m + 375799. Give p(105).
4
Let p(u) = -1627*u**2 + 5306*u - 1271. Determine p(3).
4
Let p(g) = -2*g**3 - 165*g**2 + 1269*g + 9976. Calculate p(-89).
8
Let t(c) = -484*c - 82532. Calculate t(-169).
-736
Let j(l) = l**2 - 2168*l + 23735. Calculate j(11).
8
Let z(n) = -2*n**3 + 5*n**2 - 3409*n + 10194. What is z(3)?
-42
Let b(g) = 22836*g + 68004. Calculate b(-3).
-504
Let g(d) = 17*d**2 + 1770*d + 5095. Calculate g(-101).
-258
Let o(b) = 7801*b**2 + 39032*b + 130. Give o(-5).
-5
Let z(s) = -3900*s + 66594. Determine z(17).
294
Let i(o) = -1835*o + 1069805. Calculate i(583).
0
Let t(z) = z**3 + 219*z**2 + 10335*z - 1044. Determine t(-69).
-9
Let x(r) = 512*r + 74231. Give x(-145).
-9
Let r(k) = -k**3 + 45*k**2 + 2945*k + 5070. What is r(-35)?
-5
Let w(q) = -7900*q - 102642. Determine w(-13).
58
Let u(p) = -61*p**2 - 67006*p + 36317. Give u(-1099).
50
Let q(y) = y**3 + 126*y**2 + 1761*y + 47. Determine q(-16).
31
Let l(b) = -391*b - 433. What is l(-1)?
-42
Let r(g) = g**2 - 15607*g + 808849. What is r(52)?
-11
Let z(f) = -5647*f - 779417. Determine z(-138).
-131
Let x(o) = -7549*o - 45212. Determine x(-6).
82
Let m(z) = z**3 + 51*z**2 + 588*z - 752. Determine m(-31).
240
Let a(q) = q**3 + 15*q**2 - 1505*q - 34. Calculate a(-47).
13
Let y(h) = -6125*h + 85608. What is y(14)?
-142
Let l(s) = 26*s**2 - 1204*s - 647. Calculate l(47).
199
Let w(y) = y**3 + 27*y**2 + 733*y + 8443. What is w(-12)?
1807
Let d(f) = 2*f**2 + 4979*f - 1686066. Give d(302).
0
Let p(t) = t**2 - 168*t + 3398. What is p(145)?
63
Let j(d) = 2*d**3 + 111*d**2 - 58*d + 506. Give j(-56).
618
Let g(p) = -72*p + 1054. Calculate g(27).
-890
Let b(o) = 128*o**2 - 43*o + 42. Determine b(1).
127
Let t(v) = -16*v**2 - 1187*v - 4687. Calculate t(-70).
3
Let y(r) = 36*r**3 + 369*r**2 + 87*r - 11. Calculate y(-10).
19
Let c(x) = x**3 + 408*x**2 - 2462*x - 839676. What is c(-409)?
1
Let q(a) = 1449*a - 84042. Calculate q(58).
0
Let l(a) = 356*a**2 + 2915*a + 549. Give l(-8).
13
Let c(d) = 61116*d - 1466781. Give c(24).
3
Let x(l) = -1331*l + 49454. Determine x(37).
207
Let g(x) = 215141*x - 148. What is g(0)?
-148
Let w(p) = p**3 + 61*p**2 - 183*p + 566. Give w(-64).
-10
Let n(r) = r**3 - 21*r**2 - 590*r - 92. What is n(37)?
-18
Let s(q) = -16*q**2 - 167*q - 239. Give s(-10).
-169
Let k(s) = 3*s**3 - 162*s**2 + 1761*s - 238. Determine k(39).
-4
Let v(b) = 18*b**3 - 50*b**2 + 16*b - 46. Determine v(4).
370
Let m(h) = 89*h - 4453. Give m(46).
-359
Let g(u) = -2*u**3 - 11*u**2 + 730*u + 1658. What is g(-21)?
-1
Let y(u) = 2*u**3 + 151*u**2 - 389*u + 28. Calculate y(-78).
-50
Let u(y) = -21*y**2 + 12251*y + 36775. What is u(-3)?
-167
Let s(p) = -558*p - 7572. Determine s(-14).
240
Let r(i) = 2*i**2 + 312*i + 12117. Calculate r(-78).
-51
Let l(n) = 15*n**3 - 10*n**2 - 7*n + 10. Give l(-4).
-1082
Let o(c) = -487827*c + 8293057. Calculate o(17).
-2
Let o(i) = i**3 - 92*i**2 - 15301*i - 68. Give o(-86).
-670
Let d(h) = -18*h**2 - 380*h - 1652. What is d(-13)?
246
Let b(r) = 13292*r - 1036775. Calculate b(78).
1
Let u(v) = 12*v**3 - 10*v**2 + 423*v - 842. Calculate u(2).
60
Let k(y) = -147*y + 1443. What is k(9)?
120
Let p(j) = -12*j**2 - 394*j + 3168. Give p(-40).
-272
Let l(u) = 8*u**2 - 219*u + 1334. Determine l(9).
11
Let x(z) = 273*z - 20520. Determine x(94).
5142
Let g(q) = -889*q + 88408. What is g(100)?
-492
Let r(y) = 2*y**3 - 22*y**2 + 11*y + 32. Calculate r(8).
-264
Let g(l) = 5*l**3 - 207*l**2 + 1046*l - 4. What is g(6)?
-100
Let t(n) = -n**3 - 242*n**2 - 1391*n + 165. Determine t(-6).
15
Let p(o) = 11*o**2 - 2162*o - 1016. Give p(197).
-31
Let r(b) = -b**2 + 710*b - 41333. Calculate r(64).
11
Let v(w) = -8*w - 1074. Determine v(-10).
-994
Let a(l) = -l**3 + 80*l**2 - 67*l - 463. Determine a(79).
485
Let f(z) = z**3 - 59*z**2 + 1047*z - 49251. What is f(56)?
-27
Let k(d) = -4*d**3 + 983*d**2 - 7374*d - 959. What is k(238)?
-7
Let q(d) = d**2 - 258*d + 16492. Calculate q(90).
1372
Let u(h) = -110493*h - 662951. Give u(-6).
7
Let l(p) = -55460*p + 887391. Give l(16).
31
Let m(u) = -17*u**2 - 3903*u + 3903. Determine m(1).
-17
Let n(w) = 178*w**3 + 377*w**2 - 8. Determine n(-2).
76
Let q(p) = -77717*p + 466296. Give q(6).
-6
Let h(i) = -10*i**2 - 22*i + 41. Give h(-6).
-187
Let d(x) = 261*x**2 - 3796*x - 1778. Determine d(15).
7
Let q(x) = x**3 - 9*x**2 + 4652*x - 41836. Calculate q(9).
32
Let n(a) = -a**2 + 1121*a - 150553. Determine n(156).
-13
Let r(s) = 9*s**2 + 9842*s + 78647. Give r(-8).
487
Let y(t) = -t**3 + 128*t**2 - 20*t + 1745. Calculate y(128).
-815
Let m(p) = 22970*p - 45978. Give m(2).
-38
Let i(w) = 3*w**3 + 473*w**2 - 639*w - 417. Give i(-159).
60
Let m(h) = 19*h**2 - 1509*h - 13618. What is m(-9)?
1502
Let x(c) = 52*c - 265. Calculate x(4).
-57
Let c(p) = -49*p**2 - 439*p + 3433. Give c(5).
13
Let a(j) = -43*j**2 + 5291*j + 185. Determine a(123).
431
Let x(n) = n**3 + n**2 - 2663*n + 13164. What is x(5)?
-1
Let d(n) = -6884*n - 103233. Calculate d(-15).
27
Let x(i) = 32*i**3 + 2*i**2 + 1019*i + 3047. Give x(-3).
-856
Let y(m) = 1172*m + 247465. Give y(-211).
173
Let i(j) = 6*j**2 - 353*j + 5039. Give i(34).
-27
Let w(y) = -y**3 - 37*y**2 - 119*y - 2955. Calculate w(-36).
33
Let v(j) = -163*j**3 - 4*j**2 - 1850*j + 1852. Determine v(1).
-165
Let y(f) = 11*f**3 + 118*f**2 - 191*f - 2067. Calculate y(-11).
-329
Let a(t) = 4623485*t - 46234